e of -s**4/4 + 23*s**3/6 + 4*s**2 - 407*s - 2. Give y(8).
0
Let p(d) = d - 17. Suppose -4*t - 2*k = -26, -3*t + k = 12 - 39. Give p(t).
-9
Suppose 6*r = 11*r - 10. Suppose r*u - 3*b = -2*u - 7, -3*u = 2*b + 1. Let y be 9/(u - 2) + 8. Let s(z) = -z**2 + 5*z - 7. Determine s(y).
-7
Let t(n) = 2*n**2 + 7*n + 5. Let z(o) = 2*o + 16. Let y be z(-10). Let i be (y/(-14))/((-8)/(-112)). Suppose 0 = 5*w + i + 16. Determine t(w).
9
Let y = 21 - 8. Let k = y + -13. Suppose -4 = -k*a + a. Let x(b) = -b - 1. Give x(a).
3
Let x(u) = u**2 + 11*u - 16. Let q(d) = -3*d**2 - 36*d + 49. Let l(r) = -3*q(r) - 10*x(r). Calculate l(-6).
-11
Let x(f) = -80 - 85 + 171 - f**2 + 5*f. Let u = -66 + 71. Give x(u).
6
Let c(f) = f**2 - 7*f + 5. Suppose -p + 2 + 9 = 0. Let w = p + -5. Give c(w).
-1
Let q(h) be the third derivative of -h**5/60 - 3*h**4/4 - 13*h**3/6 + 16*h**2. Give q(-17).
4
Suppose 2*v - 12 = 2*d, 3*d = -2*v + d - 4. Let l(t) = -3*t + 20*t**v - 1 + 3 - 19*t**2. What is l(2)?
0
Let p be (-1)/(2/(-16))*(-8)/(-32). Let s(m) = 5 - 4 - m**p + m**2 - m**2 - 2*m. Suppose -3*i = -4*d - 4*i, -d - 3 = i. Give s(d).
-2
Let t(b) be the third derivative of -b**4/24 + b**3/2 - 50*b**2 + b. Determine t(4).
-1
Let n = 405 + -405. Let u(x) be the third derivative of 2/3*x**3 + 9*x**2 + 1/60*x**5 + 0 + n*x - 1/4*x**4. Calculate u(4).
-4
Suppose -z = 2*i - 3, -2*z + 2*i - 7 = 17. Let w(l) be the first derivative of -l**4/4 - 8*l**3/3 - 7*l**2/2 + 4*l - 46. Give w(z).
4
Let b(s) = s**2 + s. Let j(i) = i**3 + 5*i**2 + 3*i. Let m(r) = 5*b(r) - j(r). Let v(h) = 10*h + 24. Let f be v(-6). Let g = f - -38. Determine m(g).
-4
Suppose 0 = -4*s - 2*l - 8, -2*s = -l - 4. Let v(g) = s*g**2 - 9*g + g**2 + 34 - 40. Give v(9).
-6
Suppose 4*f - 5*f = 3. Let w be (16/6 + f)*-9. Let r(s) = -2*s**2 + 3*s - 4. Determine r(w).
-13
Let x(i) = i**2 - 4*i - 2. Let l be x(5). Let n(y) = 3 - y**3 + 2*y**3 - 4*y**2 - 5 - l. Let g be (-2)/((3 - 5)/4). Calculate n(g).
-5
Let m = -1 + 3. Suppose 5*r - m = 4*r. Let l(g) = 4*g**3 - 3*g**3 + 3*g - 5*g + 5*g**r + 2. Give l(-5).
12
Let g(n) = -13998*n**2 - 7*n + 13989*n**2 + 7*n. Let s(l) = l**2 - 3*l + 1. Let z be s(2). Calculate g(z).
-9
Let u(d) = 5*d**2 - 6*d + 4. Let g(p) = -2*p**2 + p. Let f(o) = 2*g(o) + u(o). Calculate f(4).
4
Suppose 6 = -2*m + x - 2, 12 = -4*m + 3*x. Let u(p) be the first derivative of p**4/4 + 5*p**3/3 - 2*p**2 + 3*p - 39. Determine u(m).
-9
Let m(n) = 2*n - 8. Let v be m(6). Suppose 4 = -v*j - 0*j. Let p = 2 - j. Let z(g) = -g**3 + 3*g**2 + 2*g + 1. Determine z(p).
7
Let l(f) = f**3 + 2*f**2 + f + 2. Let s(y) = 4*y**3 + 4*y**2 + 5. Let r(a) = -5*l(a) + s(a). Let u = -11 + 6. Determine r(u).
-5
Let u be 2/(-8) - (-170)/40. Suppose 0 = -u*b - 5 + 13. Let w(c) = -c + 5 + b*c + 3*c - 2*c**2 - 1. Determine w(4).
-12
Let p(f) = 1 - 5*f + 4 - f**3 + 4*f**2 + 2*f**2. Give p(4).
17
Let h(k) be the first derivative of -k**4/4 - 8*k**3/3 - 6*k + 71. Give h(-8).
-6
Suppose 10*l = 13*l - 54. Let o(p) = -6 + l - 5 - 2*p. Calculate o(5).
-3
Let u be (-189)/((-15)/5) + 0 + -1. Let n = u - 58. Let m(y) = -y**3 + 6*y**2 - 4*y + 1. Give m(n).
17
Let v(w) = 4*w**3 - 3*w**2 - w - 10. Let i(r) = 3*r**3 - 4*r**2 - 3*r - 9. Let u(d) = 3*i(d) - 2*v(d). Let y = -13 + 20. Give u(y).
-7
Let c be (-2 - -2)*(1 - 0). Suppose c = 8*s - 2*s - 6. Let n(x) = -2 + s - x - 2. Determine n(-7).
4
Suppose -41*q = -37*q - 8. Let b(v) = -5 + 2*v**q + 6*v**2 + v - v**3 - 4*v**2 - 3*v**2. Determine b(0).
-5
Let q(l) = 4 + 108*l**3 + 5*l**2 - 1 - 107*l**3 + 4*l. Calculate q(-3).
9
Let n(q) = 2*q**2 + 3*q + 5. Let b be 1 + (-48)/(-32)*(-20)/6. Calculate n(b).
25
Let a(x) = 11*x. Let r(l) be the second derivative of -l**5/20 - l**4/2 - 7*l**3/6 - 11*l**2/2 + 4*l. Let y be r(-5). Calculate a(y).
-11
Let t(d) be the first derivative of d**2/2 - 2*d + 519. Let o = -1 - 4. Let a = -10 - o. Give t(a).
-7
Let a(r) be the first derivative of -r - 10/3*r**3 - 29 - 1/2*r**2. What is a(-1)?
-10
Suppose -2*n - 13 + 5 = -2*m, -3*m - 5*n = 20. Let y(g) = g - 12. What is y(m)?
-12
Let m(o) = -o + 2. Let z = -56 + 56. Give m(z).
2
Let r(x) be the first derivative of -3/2*x**2 - 9*x - 4. Let a = -15 + 9. Determine r(a).
9
Let g(n) be the second derivative of n**3/6 - 5*n**2/2 - 390*n. Determine g(-7).
-12
Let y(d) be the second derivative of -d**4/6 + 4*d**3/3 - 13*d**2/2 + 9*d. Determine y(6).
-37
Let i be (1 - -8) + 8/(-2). Suppose 4 = -i*k - 26. Let j(f) = f**2 + 8*f + 4. What is j(k)?
-8
Suppose 225*w = 208*w - 51. Let r(x) = -4*x + 2. Let m(p) = -21*p + 11. Let f(u) = 2*m(u) - 11*r(u). Give f(w).
-6
Let d(q) = -1 + 41*q - 4*q - 41*q + q**3 + 3*q**2. What is d(-3)?
11
Let z(l) = 5*l - 36. Let d be z(6). Let n(k) be the second derivative of -k**3/3 + k**2/2 - 12*k. Determine n(d).
13
Let l(v) = 2*v**3 - 27*v**2 + 13*v - 31. Let u(a) = a**3 - 13*a**2 + 6*a - 15. Let r be 4/(-6)*(-648)/(-48). Let k(w) = r*u(w) + 4*l(w). Calculate k(9).
-7
Let f be 6/9*4/(12/27). Let k(m) be the first derivative of m**4/4 - 7*m**3/3 + 9*m**2/2 - 8*m + 2. What is k(f)?
10
Let o(r) = r**2 - 5*r - 2. Suppose -1 = -5*s + 34. Let u = s + 1. Let b be (-12)/u*(-8)/3. Determine o(b).
-6
Suppose 9 = -18*d + 21*d, h = -4*d + 21. Let y(l) = l**2 - 10*l + 2. Give y(h).
-7
Let n(y) be the third derivative of y**6/120 - y**5/60 - y**4/24 + 14*y**3/3 - 9*y**2 - 25*y. What is n(0)?
28
Let l(h) = 3*h - 41. Let j be l(12). Let f(x) = x**2 + 9*x - 5. Give f(j).
-25
Let x(y) = y**3 + 12*y**2 + 11*y + 6. Suppose 17*v + 130 = -57. Determine x(v).
6
Let n = -339 + 345. Let t(f) = f**3 - 8*f**2 + 4*f - 8. Determine t(n).
-56
Let y(i) be the second derivative of i**3/6 - 3*i**2 + i. Let q be (0 + 1)*-1 - -111. Let z = q + -105. Determine y(z).
-1
Let b(h) = h**2 - 9*h + 4. Let s(g) = -g**3 + 17*g**2 - 14*g - 26. Let p = 53 + -37. Let w be s(p). Give b(w).
-14
Let a(k) be the second derivative of k**5/20 - 2*k**4/3 - 11*k**3/6 + 7*k**2/2 + 57*k. What is a(9)?
-11
Let k(c) = -15*c + 5. Let g be (-89)/7 + (-4)/14. Let l(o) = 7*o - 2. Let b(s) = g*l(s) - 6*k(s). Determine b(4).
-8
Let i(w) = -w**2 - 4*w + 2. Let b(o) = -o**2 + 6*o - 8*o + 0*o**2 - 7 + 19. Let x be b(-5). Give i(x).
5
Let y(l) = l**2 - 10*l - 12. Let z be (-15 - (-1 + 2))*(-83)/166. Determine y(z).
-28
Let f(g) = -6*g + 7. Let d(j) = -11*j + 9. Let w(u) = -11*u + 10. Let x(s) = 3*d(s) - 4*w(s). Let t(z) = 5*f(z) + 3*x(z). What is t(4)?
8
Let l(w) = -18*w - 22*w + 35*w - 1 + w**3 + 10*w**2 - 7*w - 2*w**2. Give l(-9).
26
Let o be 20/(-2 - -6) - 0. Let y(l) = -l**2 + 9*l + 3. What is y(o)?
23
Let w(d) = d**2 - 9*d + 13. Let n(z) = -2*z + 39. Let k be n(16). Let p be w(k). Let g(l) = -14*l - 1. Give g(p).
13
Suppose 0 = -4*l + 16, 4*l - 5*l + 13 = -3*f. Let a(q) = 2*q - 1. Give a(f).
-7
Suppose -12*w = -8*w. Suppose -2*s - 4 = -w*u - 2*u, 3*u - 5*s - 16 = 0. Let b(a) = a**3 + 4*a**2 + 2*a. Determine b(u).
3
Let h(r) = -656 + 319 - 10*r - r**2 + 329. Give h(-9).
1
Let a(n) = 5*n - 12. Let b(j) = 4*j + j - 12 + j. Let v(p) = -7*a(p) + 6*b(p). Determine v(-5).
7
Suppose -2*m = 6*m + 24. Let s(c) = c**3 + 4*c**2 + c. Give s(m).
6
Suppose 10*g - 5 = 11*g. Let k = g - -11. Let n(r) = -r**3 + 5*r**2 + 6*r + 5. Give n(k).
5
Let u(y) = 3*y - 6*y + 97 - y**3 + 7*y**2 + 2*y - 49 - 40. Determine u(7).
1
Suppose 0 = -2*w - 8, q - 4*w = -0*w + 19. Suppose 0 = -2*f + 3 + q. Let b(p) = 3*p + 2. Determine b(f).
11
Let x(t) = -2453 + 4*t + 0*t + 2459. What is x(-3)?
-6
Let t(u) = 3 + 1 + u - 2 + 3*u - 6*u. What is t(-3)?
8
Let o(g) = -9*g - 3. Let n(c) = 5*c + 1. Suppose 4*v - 5*b - 3 = 10, 32 = -4*v - 4*b. Let q(m) = v*o(m) - 5*n(m). Determine q(-5).
-6
Suppose 3*u + u = f + 16, -14 = -f - 2*u. Let b(k) = -3*k**2 - 7 + 3*k + f*k - 3*k + 4*k**2. What is b(-6)?
5
Suppose -2*s = -v - 65, -2*v + 2*s - 129 = -s. Let k = -70 - v. Let d(h) = h + 4. Calculate d(k).
-3
Suppose 3*b = 4*f - 460 - 260, 0 = -5*f + b + 900. Let d(x) = 92 + 89 - 5*x**2 - 4*x - f - x**3. What is d(-3)?
-5
Let a = 1 + 1. Suppose -14 = -a*x + 3*p - 4, 17 = -5*x - 3*p. Let c be 3 - x/((-4)/36). Let f(t) = -t**2 - 5*t + 8. Determine f(c).
2
Let d be (20/(-25))/((-6)/(-195)). Let j be d/(-3)*(-252)/24. Let w be j/39 - 2/3. Let c(k) = k**2 + k - 2. Determine c(w).
4
Let b(w) be the first derivative of -7*w - 1/3*w**3 + 7/2*w**